 + 5*t = -242, t = -3*a + q*t + 176. Calculate the remainder when 403 is divided by a.
55
Suppose -6*m + 540 = -324. Suppose 5*r + 4*j = -14 + 181, -4*r + m = -2*j. What is the remainder when 419 is divided by r?
34
What is the remainder when -4*200106/(-276) + 40/(-460) is divided by 66?
62
What is the remainder when 554 is divided by 81/1782 - 3363/(-66)?
44
Suppose -n = v + 26, -3*v + 32 = -4*n - 51. Let t = 28 + n. Calculate the remainder when (-23)/(-2) + 145/(-58) is divided by t.
4
Suppose 7194 = k + 4*i, -3*k + 6375 = -4*i - 15063. What is the remainder when k is divided by 16?
6
Let y(j) = 26*j**3 + j + 1. Let l be y(-1). Calculate the remainder when l/(0 + (-3)/6) is divided by (-372)/(-378)*18 - (-4)/14.
16
Calculate the remainder when 304 is divided by 59/(590/300)*(-4)/((-8)/3).
34
Let t be -1 + (7 - (-2 + 3)). Suppose 16 = 2*q - 58. Calculate the remainder when q is divided by (6/t)/(17/((-2975)/(-10))).
16
Let l = -21550 + 21705. What is the remainder when 1377 is divided by l?
137
Calculate the remainder when (-4)/(-12)*-1 + (-8323)/(-21) is divided by 31.
24
Let z be -3 - -30*((-40)/(-12))/5. Suppose -300 = -z*g + 346. Calculate the remainder when 70 is divided by g.
32
Let p = 2929 + -2905. What is the remainder when 1077 is divided by p?
21
Let c(g) = 8*g + 23. Let t be c(-4). Let i = t - 5. Let z(x) = x**2 + 11*x - 3. What is the remainder when z(i) is divided by 20?
19
Let j(i) = -3*i**3 - 9*i - 7. Suppose -14 = -5*r + 81. Calculate the remainder when r is divided by j(-1).
4
Let z be ((-1125)/6)/(-2 - 52/(-32)). Let c = z - 493. Calculate the remainder when c is divided by 4.
3
What is the remainder when 5079 is divided by (5 - (-288)/(-64))/((-2)/(-264))?
63
Let p(d) = d - 12. Let n(z) = z + 31. Let i be n(-15). Suppose 3*l - 5*f = 24, -l = -4*l + 4*f + 24. What is the remainder when l is divided by p(i)?
0
Suppose 16*p - 90 = -2*p. Suppose 0*r + 6 = 3*r, -p*r = 5*j - 70. What is the remainder when 33 is divided by j?
9
Suppose 6*y - 4 = 8*y, 4*y = 2*p - 5022. Calculate the remainder when p is divided by 12.
11
Suppose 4*a + 3*l - 295 = 0, 4*a - 5*a + 80 = 2*l. Calculate the remainder when a is divided by 3.
1
Let d(g) = -551*g + 58. Let f(r) = 29*r - 3. Let w(v) = -3*d(v) - 58*f(v). Let j(o) = o**2 - 2*o - 18. Calculate the remainder when w(-3) is divided by j(8).
27
Let f = -858 + 925. What is the remainder when f is divided by 50?
17
Let y be 15/6*(3 + -1). Let s = 8 + -13. Let z = y - s. What is the remainder when 23 is divided by z?
3
Let l(m) = m**3 + 2*m**2 + 5*m - 39. Let h be 768/168 + 8/(-14). What is the remainder when l(h) is divided by 27?
23
Let x = 6 - -15. What is the remainder when 121/(0 + 11)*17 is divided by x?
19
Let u(k) = 34*k - 1. Suppose -2*r + 141 = 5*j, 4*r + 66 = -2*j + 132. Calculate the remainder when u(1) is divided by j.
6
Suppose 2*o - 14*o = -120. Suppose -3*z + 140 = 4*a, z - o = -5*a + 44. Calculate the remainder when 129 is divided by z.
41
Let n be -119 - (5 - (-7 + 19)). Let l = n + 134. Calculate the remainder when 35 is divided by l.
13
Let b(i) = -68*i**2 - 253*i - 29. Suppose 36 = 5*a - 264. What is the remainder when b(-3) is divided by a?
58
Calculate the remainder when 351 is divided by 25 - 1241/51 - (2 + (-512)/6).
15
Let m(o) = 202*o + 1054. Suppose 4*u = 4*g - 0*u - 860, -4*u + 652 = 3*g. What is the remainder when g is divided by m(-5)?
40
Suppose 6*i - 4*i - 94 = 4*f, 0 = 2*i + 4*f - 70. What is the remainder when 4672 is divided by i?
39
Let r = 27703 + -27688. Calculate the remainder when 2097 is divided by r.
12
Let j(x) = x**3 + 8*x**2 + 7*x - 3. Suppose 0 = -9*u + 3*u - 666. Let r = 215 + u. What is the remainder when r is divided by j(-6)?
23
Let i(w) be the first derivative of 14*w**2 - 47*w + 423. Let b(f) = -3*f**3 + f**2 - f - 1. Let k be b(-1). What is the remainder when i(k) is divided by 17?
14
Let g = 522 + -529. Calculate the remainder when 36 is divided by (g + -6 + 2)*-1.
3
Suppose 12 = -3*k, -3*n - 4 = 2*k + 2*k. Let p(d) = d**3 + 2*d**2 + 3*d - 9. Let j be p(n). Let z = j - 88. What is the remainder when 85 is divided by z?
8
Suppose 5*p = -18*b + 13*b - 2005, 5*b - 3*p + 2029 = 0. Let t = b - -808. What is the remainder when t is divided by 29?
27
Suppose 5*r - 1518 = -6*r. Let p = r + -80. Let k(m) = -m**3 + 4*m**2 + m + 4. What is the remainder when p is divided by k(3)?
10
Let w = -4767 + 4953. Calculate the remainder when w is divided by 116.
70
Suppose 122*q - 3842 = 133*q - 237*q. Calculate the remainder when 2209 is divided by q.
16
Suppose 0 = -5*w + 9*w + 8. Let b be (w - (-4 - -3)) + 5. Suppose 5 - 8 = -y, -2*y = -b*q + 98. Calculate the remainder when q is divided by 15.
11
What is the remainder when (-24)/(-28) + 57929/371 is divided by 55?
47
Suppose -238 = 617*r - 631*r. Suppose -c - 10 = -3*c. Suppose -c*k = -10, -3*s + 2*k + 0*k = -290. What is the remainder when s is divided by r?
13
Suppose -10 = -2*f + 20. Let t(k) = 4*k + 95. What is the remainder when t(6) is divided by f?
14
Let w be ((-6)/(-4))/((-33)/(-220)). Let u(o) = 2*o + 9*o**2 - 2*o**3 + 27 - 8 - w*o**2. Calculate the remainder when 34 is divided by u(0).
15
Calculate the remainder when (-4)/20 + 127460/50 is divided by 44.
41
Let w = 846 + -1566. Let c = 1038 + w. Calculate the remainder when c is divided by 80.
78
Suppose -q - 5*p = -1362, 0 = 29*p - 32*p - 15. Let u = 3134 - q. What is the remainder when u is divided by 76?
75
Suppose 5*s = -5, 5*d = -s - 1617 + 341. Let v = -21 - d. Suppose 0*l - 3*l + 4*w = -v, -5*l + w = -373. What is the remainder when l is divided by 25?
24
Calculate the remainder when (-459)/68*(-10564)/57 is divided by 1251.
0
Suppose -3*m + 259 = -128. Let g = m - 104. What is the remainder when 147 is divided by g?
22
Let z = 16568 + -16531. Calculate the remainder when 92 is divided by z.
18
Suppose 0 = -20*i + 307 + 1933. What is the remainder when i is divided by 2/(-2) + (-1 - -44)?
28
Suppose -6*m - 3*c - 2215 = -8*m, m = 5*c + 1104. What is the remainder when m is divided by 3?
2
Let w(v) = v**2 + 11*v + 24. Let a be w(-3). Suppose a = -4*o - 3*i + 159, -8*i = 2*o - 4*i - 72. What is the remainder when 292 is divided by o?
40
Let m = 1955 + -1840. Calculate the remainder when 518 is divided by m.
58
Suppose 206*c - 7108 + 4276 - 3753 = 5981. Let y = 9 + 9. Calculate the remainder when c is divided by y.
7
What is the remainder when 8/(-80) - 2*(-95455)/100 is divided by 113?
101
Let s(p) = 9*p + 75. Suppose 15*i = 69 - 9. Calculate the remainder when i is divided by s(-8).
1
Let x(s) = -3*s**2 + 4*s + 6. Let y(q) = q**2. Let p(w) = x(w) + 6*y(w). Let f be p(-4). Let d = f - -10. Calculate the remainder when d is divided by 17.
14
Let p = 106 + -99. Let u(z) = -z**3 - 35*z**2 + 34*z - 61. Calculate the remainder when u(-36) is divided by p.
4
Suppose q = 4*o + 101, -4*q + 171 = -5*o + 31. Calculate the remainder when (-2481)/o + 15/(-40) is divided by 15.
13
What is the remainder when 257 is divided by 0/(-8 + 9) - -41?
11
What is the remainder when (((-1378224)/64)/(-51))/(387/192 + -2) is divided by 143?
140
Let t(x) = 12*x**2 - 25*x + 20. Let w be t(3). Suppose -50*k - 522 = -w*k. What is the remainder when k is divided by 5*7 - (2 - 2)?
34
Let n be 99/12 + (-1)/4. What is the remainder when (n/1 + -3)*(-4 - -6) is divided by 6?
4
Let h = 84 + -79. Suppose -24 + 499 = h*u. Suppose -39*z + u = -34*z. What is the remainder when 94 is divided by z?
18
Suppose 6*d - 4*b - 1080 = 0, -3*d - 15*b = -18*b - 540. Calculate the remainder when d is divided by 38.
28
Let p(y) = y**3 - 9*y**2 - 3*y + 155. What is the remainder when p(8) is divided by 4 + (21 + 2 - 0)?
13
Let m(r) = -3*r**3 - 93*r**2 - 59. Let b be m(-31). Let k = 341 - 213. Let f = b + k. What is the remainder when f is divided by 24?
21
Suppose -229 = 4*y - 477. Calculate the remainder when 243 is divided by 26/(-4)*(60 - y).
9
Let r = -11342 + 11793. What is the remainder when r is divided by 171?
109
Suppose 0 = 2*q - 5*j, -q + 5*j - 5 = -0*q. Calculate the remainder when (11/66*(-54)/(-2))/((-13)/(-182)) is divided by q.
3
Suppose -v + 2*o + 27 = 7*o, 2*v - 2*o - 66 = 0. Suppose -11*p = -13*p - v. Let f = p + 70. Calculate the remainder when f is divided by 10.
4
Let w = 